{"id":1409,"date":"2025-06-23T11:54:34","date_gmt":"2025-06-23T11:54:34","guid":{"rendered":"https:\/\/staging.greenpowergarage.hu\/?page_id=1409"},"modified":"2025-07-07T03:10:15","modified_gmt":"2025-07-07T03:10:15","slug":"csapatunk","status":"publish","type":"page","link":"https:\/\/staging.greenpowergarage.hu\/?page_id=1409","title":{"rendered":"Csapatunk"},"content":{"rendered":"\t\t<div data-elementor-type=\"wp-page\" data-elementor-id=\"1409\" class=\"elementor elementor-1409\">\n\t\t\t\t<div class=\"elementor-element elementor-element-10d7681 e-flex e-con-boxed e-con e-parent\" data-id=\"10d7681\" data-element_type=\"container\">\n\t\t\t\t\t<div class=\"e-con-inner\">\n\t\t\t\t<div class=\"elementor-element elementor-element-3cfdd89 elementor-widget elementor-widget-heading\" data-id=\"3cfdd89\" data-element_type=\"widget\" data-widget_type=\"heading.default\">\n\t\t\t\t<div class=\"elementor-widget-container\">\n\t\t\t\t\t<h2 class=\"elementor-heading-title elementor-size-default\">A csapatunk<\/h2>\t\t\t\t<\/div>\n\t\t\t\t<\/div>\n\t\t\t\t<div class=\"elementor-element elementor-element-28e849e elementor-widget-divider--view-line elementor-widget elementor-widget-divider\" data-id=\"28e849e\" data-element_type=\"widget\" data-widget_type=\"divider.default\">\n\t\t\t\t<div class=\"elementor-widget-container\">\n\t\t\t\t\t\t\t<div class=\"elementor-divider\">\n\t\t\t<span class=\"elementor-divider-separator\">\n\t\t\t\t\t\t<\/span>\n\t\t<\/div>\n\t\t\t\t\t\t<\/div>\n\t\t\t\t<\/div>\n\t\t\t\t\t<\/div>\n\t\t\t\t<\/div>\n\t\t<div class=\"elementor-element elementor-element-2dd688c e-con-full e-flex e-con e-parent\" data-id=\"2dd688c\" data-element_type=\"container\">\n\t\t<div class=\"elementor-element elementor-element-73945a6 e-con-full e-flex e-con e-child\" data-id=\"73945a6\" data-element_type=\"container\">\n\t\t\t\t<div class=\"elementor-element elementor-element-e88f5cb e-transform elementor-widget elementor-widget-eael-image-accordion\" data-id=\"e88f5cb\" data-element_type=\"widget\" data-settings=\"{&quot;_transform_scale_effect_hover&quot;:{&quot;unit&quot;:&quot;px&quot;,&quot;size&quot;:&quot;&quot;,&quot;sizes&quot;:[]},&quot;_transform_scale_effect_hover_tablet&quot;:{&quot;unit&quot;:&quot;px&quot;,&quot;size&quot;:&quot;&quot;,&quot;sizes&quot;:[]},&quot;_transform_scale_effect_hover_mobile&quot;:{&quot;unit&quot;:&quot;px&quot;,&quot;size&quot;:&quot;&quot;,&quot;sizes&quot;:[]}}\" data-widget_type=\"eael-image-accordion.default\">\n\t\t\t\t<div class=\"elementor-widget-container\">\n\t\t\t\t\t    <div class=\"eael-img-accordion accordion-direction-horizontal eael-img-accordion-horizontal-align-center eael-img-accordion-vertical-align-center\" id=\"eael-img-accordion-e88f5cb\" data-img-accordion-id=\"e88f5cb\" data-img-accordion-type=\"on-hover\">\n                    \n            <div class=\"eael-image-accordion-hover eael-image-accordion-item\" style=\"background-image: url(https:\/\/staging.greenpowergarage.hu\/wp-content\/uploads\/2023\/04\/Laci.jpg);\"  tabindex=\"0\">\n                <div class=\"overlay\">\n                    <div class=\"overlay-inner \">\n                        <h2 class=\"img-accordion-title\">Blahunka L\u00e1szl\u00f3 \u2013 Laci<\/h2>                            <p><p>EV szakember, alternativhajt\u00e1s technikus<\/p><\/p>\n                                            <\/div>\n                <\/div>\n            <\/div>\n                    \n            <div class=\"eael-image-accordion-hover eael-image-accordion-item\" style=\"background-image: url(https:\/\/staging.greenpowergarage.hu\/wp-content\/uploads\/2023\/04\/kalman_246.jpg);\"  tabindex=\"0\">\n                <div class=\"overlay\">\n                    <div class=\"overlay-inner \">\n                        <h2 class=\"img-accordion-title\">Palla K\u00e1lm\u00e1n<\/h2>                            <p><p>Aut\u00f3szerel\u0151 Mester, EV szakember<\/p><\/p>\n                                            <\/div>\n                <\/div>\n            <\/div>\n                    \n            <div class=\"eael-image-accordion-hover eael-image-accordion-item\" style=\"background-image: url(https:\/\/staging.greenpowergarage.hu\/wp-content\/uploads\/2023\/04\/team2-1.jpg);\"  tabindex=\"0\">\n                <div class=\"overlay\">\n                    <div class=\"overlay-inner \">\n                        <h2 class=\"img-accordion-title\">Ipari tanul\u00f3k<\/h2>                    <\/div>\n                <\/div>\n            <\/div>\n                <\/div>\n        <style typr=\"text\/css\">\n                    #eael-img-accordion-e88f5cb .eael-image-accordion-hover:hover {\n                        flex: 3 1 0% !important;\n                    }\n                    #eael-img-accordion-e88f5cb .eael-image-accordion-hover:hover:hover .overlay-inner * {\n                        opacity: 1;\n                        visibility: visible;\n                        transform: none;\n                        transition: all .3s .3s;\n                    }\n                <\/style>\t\t\t\t<\/div>\n\t\t\t\t<\/div>\n\t\t\t\t<div class=\"elementor-element elementor-element-ae273e2 elementor-widget-divider--view-line elementor-widget elementor-widget-divider\" data-id=\"ae273e2\" data-element_type=\"widget\" data-widget_type=\"divider.default\">\n\t\t\t\t<div class=\"elementor-widget-container\">\n\t\t\t\t\t\t\t<div class=\"elementor-divider\">\n\t\t\t<span class=\"elementor-divider-separator\">\n\t\t\t\t\t\t<\/span>\n\t\t<\/div>\n\t\t\t\t\t\t<\/div>\n\t\t\t\t<\/div>\n\t\t\t\t<div class=\"elementor-element elementor-element-6d0409b elementor-widget elementor-widget-heading\" data-id=\"6d0409b\" data-element_type=\"widget\" data-widget_type=\"heading.default\">\n\t\t\t\t<div class=\"elementor-widget-container\">\n\t\t\t\t\t<h2 class=\"elementor-heading-title elementor-size-default\">Folyamatosan k\u00e9pzezz\u00fck magunkat!<\/h2>\t\t\t\t<\/div>\n\t\t\t\t<\/div>\n\t\t\t\t<div class=\"elementor-element elementor-element-b4d7cb6 elementor-widget-divider--view-line elementor-widget elementor-widget-divider\" data-id=\"b4d7cb6\" data-element_type=\"widget\" data-widget_type=\"divider.default\">\n\t\t\t\t<div class=\"elementor-widget-container\">\n\t\t\t\t\t\t\t<div class=\"elementor-divider\">\n\t\t\t<span class=\"elementor-divider-separator\">\n\t\t\t\t\t\t<\/span>\n\t\t<\/div>\n\t\t\t\t\t\t<\/div>\n\t\t\t\t<\/div>\n\t\t\t\t<\/div>\n\t\t\t\t<\/div>\n\t\t<div class=\"elementor-element elementor-element-8499231 e-flex e-con-boxed e-con e-parent\" data-id=\"8499231\" data-element_type=\"container\">\n\t\t\t\t\t<div class=\"e-con-inner\">\n\t\t\t\t<div class=\"elementor-element elementor-element-411d957 gallery-spacing-custom oklevelek elementor-widget elementor-widget-image-gallery\" data-id=\"411d957\" data-element_type=\"widget\" data-widget_type=\"image-gallery.default\">\n\t\t\t\t<div class=\"elementor-widget-container\">\n\t\t\t\t\t\t\t<div class=\"elementor-image-gallery\">\n\t\t\t<div id='gallery-1' class='gallery galleryid-1409 gallery-columns-3 gallery-size-full'><figure class='gallery-item'>\n\t\t\t<div class='gallery-icon landscape'>\n\t\t\t\t<a data-elementor-open-lightbox=\"yes\" data-elementor-lightbox-slideshow=\"411d957\" data-elementor-lightbox-title=\"Blahunka L\u00e1szl\u00f3 - Alternat\u00edv j\u00e1rm\u0171hajt\u00e1si technikus_2\" data-e-action-hash=\"#elementor-action%3Aaction%3Dlightbox%26settings%3DeyJpZCI6NzMyLCJ1cmwiOiJodHRwczpcL1wvc3RhZ2luZy5ncmVlbnBvd2VyZ2FyYWdlLmh1XC93cC1jb250ZW50XC91cGxvYWRzXC8yMDIzXC8wNVwvQmxhaHVua2EtTGFzemxvLUFsdGVybmF0aXYtamFybXVoYWp0YXNpLXRlY2huaWt1c18yLXNjYWxlZC5qcGciLCJzbGlkZXNob3ciOiI0MTFkOTU3In0%3D\" href='https:\/\/staging.greenpowergarage.hu\/wp-content\/uploads\/2023\/05\/Blahunka-Laszlo-Alternativ-jarmuhajtasi-technikus_2-scaled.jpg'><img fetchpriority=\"high\" decoding=\"async\" width=\"2560\" height=\"1876\" src=\"https:\/\/staging.greenpowergarage.hu\/wp-content\/uploads\/2023\/05\/Blahunka-Laszlo-Alternativ-jarmuhajtasi-technikus_2-scaled.jpg\" class=\"attachment-full size-full\" alt=\"\" srcset=\"https:\/\/staging.greenpowergarage.hu\/wp-content\/uploads\/2023\/05\/Blahunka-Laszlo-Alternativ-jarmuhajtasi-technikus_2-scaled.jpg 2560w, https:\/\/staging.greenpowergarage.hu\/wp-content\/uploads\/2023\/05\/Blahunka-Laszlo-Alternativ-jarmuhajtasi-technikus_2-300x220.jpg 300w, https:\/\/staging.greenpowergarage.hu\/wp-content\/uploads\/2023\/05\/Blahunka-Laszlo-Alternativ-jarmuhajtasi-technikus_2-1024x750.jpg 1024w, https:\/\/staging.greenpowergarage.hu\/wp-content\/uploads\/2023\/05\/Blahunka-Laszlo-Alternativ-jarmuhajtasi-technikus_2-768x563.jpg 768w, https:\/\/staging.greenpowergarage.hu\/wp-content\/uploads\/2023\/05\/Blahunka-Laszlo-Alternativ-jarmuhajtasi-technikus_2-1536x1126.jpg 1536w, https:\/\/staging.greenpowergarage.hu\/wp-content\/uploads\/2023\/05\/Blahunka-Laszlo-Alternativ-jarmuhajtasi-technikus_2-2048x1501.jpg 2048w\" sizes=\"(max-width: 2560px) 100vw, 2560px\" \/><\/a>\n\t\t\t<\/div><\/figure><figure class='gallery-item'>\n\t\t\t<div class='gallery-icon portrait'>\n\t\t\t\t<a data-elementor-open-lightbox=\"yes\" data-elementor-lightbox-slideshow=\"411d957\" data-elementor-lightbox-title=\"Blahunka L\u00e1szl\u00f3 - Kl\u00edma Eszkim\u00f3_2\" data-e-action-hash=\"#elementor-action%3Aaction%3Dlightbox%26settings%3DeyJpZCI6NzMxLCJ1cmwiOiJodHRwczpcL1wvc3RhZ2luZy5ncmVlbnBvd2VyZ2FyYWdlLmh1XC93cC1jb250ZW50XC91cGxvYWRzXC8yMDIzXC8wNVwvQmxhaHVua2EtTGFzemxvLUtsaW1hLUVzemtpbW9fMi1zY2FsZWQuanBnIiwic2xpZGVzaG93IjoiNDExZDk1NyJ9\" href='https:\/\/staging.greenpowergarage.hu\/wp-content\/uploads\/2023\/05\/Blahunka-Laszlo-Klima-Eszkimo_2-scaled.jpg'><img decoding=\"async\" width=\"1795\" height=\"2560\" src=\"https:\/\/staging.greenpowergarage.hu\/wp-content\/uploads\/2023\/05\/Blahunka-Laszlo-Klima-Eszkimo_2-scaled.jpg\" class=\"attachment-full size-full\" alt=\"\" srcset=\"https:\/\/staging.greenpowergarage.hu\/wp-content\/uploads\/2023\/05\/Blahunka-Laszlo-Klima-Eszkimo_2-scaled.jpg 1795w, https:\/\/staging.greenpowergarage.hu\/wp-content\/uploads\/2023\/05\/Blahunka-Laszlo-Klima-Eszkimo_2-210x300.jpg 210w, https:\/\/staging.greenpowergarage.hu\/wp-content\/uploads\/2023\/05\/Blahunka-Laszlo-Klima-Eszkimo_2-718x1024.jpg 718w, https:\/\/staging.greenpowergarage.hu\/wp-content\/uploads\/2023\/05\/Blahunka-Laszlo-Klima-Eszkimo_2-768x1095.jpg 768w, https:\/\/staging.greenpowergarage.hu\/wp-content\/uploads\/2023\/05\/Blahunka-Laszlo-Klima-Eszkimo_2-1077x1536.jpg 1077w, https:\/\/staging.greenpowergarage.hu\/wp-content\/uploads\/2023\/05\/Blahunka-Laszlo-Klima-Eszkimo_2-1436x2048.jpg 1436w\" sizes=\"(max-width: 1795px) 100vw, 1795px\" \/><\/a>\n\t\t\t<\/div><\/figure><figure class='gallery-item'>\n\t\t\t<div class='gallery-icon portrait'>\n\t\t\t\t<a data-elementor-open-lightbox=\"yes\" data-elementor-lightbox-slideshow=\"411d957\" data-elementor-lightbox-title=\"Blahunka L\u00e1szl\u00f3 - Kl\u00edma Hat\u00f3s\u00e1g_2\" data-e-action-hash=\"#elementor-action%3Aaction%3Dlightbox%26settings%3DeyJpZCI6NzMwLCJ1cmwiOiJodHRwczpcL1wvc3RhZ2luZy5ncmVlbnBvd2VyZ2FyYWdlLmh1XC93cC1jb250ZW50XC91cGxvYWRzXC8yMDIzXC8wNVwvQmxhaHVua2EtTGFzemxvLUtsaW1hLUhhdG9zYWdfMi1zY2FsZWQuanBnIiwic2xpZGVzaG93IjoiNDExZDk1NyJ9\" href='https:\/\/staging.greenpowergarage.hu\/wp-content\/uploads\/2023\/05\/Blahunka-Laszlo-Klima-Hatosag_2-scaled.jpg'><img decoding=\"async\" width=\"1800\" height=\"2560\" src=\"https:\/\/staging.greenpowergarage.hu\/wp-content\/uploads\/2023\/05\/Blahunka-Laszlo-Klima-Hatosag_2-scaled.jpg\" class=\"attachment-full size-full\" alt=\"\" srcset=\"https:\/\/staging.greenpowergarage.hu\/wp-content\/uploads\/2023\/05\/Blahunka-Laszlo-Klima-Hatosag_2-scaled.jpg 1800w, https:\/\/staging.greenpowergarage.hu\/wp-content\/uploads\/2023\/05\/Blahunka-Laszlo-Klima-Hatosag_2-211x300.jpg 211w, https:\/\/staging.greenpowergarage.hu\/wp-content\/uploads\/2023\/05\/Blahunka-Laszlo-Klima-Hatosag_2-720x1024.jpg 720w, https:\/\/staging.greenpowergarage.hu\/wp-content\/uploads\/2023\/05\/Blahunka-Laszlo-Klima-Hatosag_2-768x1092.jpg 768w, https:\/\/staging.greenpowergarage.hu\/wp-content\/uploads\/2023\/05\/Blahunka-Laszlo-Klima-Hatosag_2-1080x1536.jpg 1080w, https:\/\/staging.greenpowergarage.hu\/wp-content\/uploads\/2023\/05\/Blahunka-Laszlo-Klima-Hatosag_2-1440x2048.jpg 1440w\" sizes=\"(max-width: 1800px) 100vw, 1800px\" \/><\/a>\n\t\t\t<\/div><\/figure><figure class='gallery-item'>\n\t\t\t<div class='gallery-icon landscape'>\n\t\t\t\t<a data-elementor-open-lightbox=\"yes\" data-elementor-lightbox-slideshow=\"411d957\" data-elementor-lightbox-title=\"Blahunka L\u00e1szl\u00f3 - 1991 G\u00e9pgy\u00e1rt\u00e1stechnol\u00f3gus\" data-e-action-hash=\"#elementor-action%3Aaction%3Dlightbox%26settings%3DeyJpZCI6NTEyLCJ1cmwiOiJodHRwczpcL1wvc3RhZ2luZy5ncmVlbnBvd2VyZ2FyYWdlLmh1XC93cC1jb250ZW50XC91cGxvYWRzXC8yMDIzXC8wNVwvQmxhaHVua2EtTGFzemxvLUF1dG92aWxsYW1vc3NhZ2ktc3plcmVsby0xOTkzLmpwZyIsInNsaWRlc2hvdyI6IjQxMWQ5NTcifQ%3D%3D\" href='https:\/\/staging.greenpowergarage.hu\/wp-content\/uploads\/2023\/05\/Blahunka-Laszlo-Autovillamossagi-szerelo-1993.jpg'><img loading=\"lazy\" decoding=\"async\" width=\"2048\" height=\"1774\" src=\"https:\/\/staging.greenpowergarage.hu\/wp-content\/uploads\/2023\/05\/Blahunka-Laszlo-Autovillamossagi-szerelo-1993.jpg\" class=\"attachment-full size-full\" alt=\"\" srcset=\"https:\/\/staging.greenpowergarage.hu\/wp-content\/uploads\/2023\/05\/Blahunka-Laszlo-Autovillamossagi-szerelo-1993.jpg 2048w, https:\/\/staging.greenpowergarage.hu\/wp-content\/uploads\/2023\/05\/Blahunka-Laszlo-Autovillamossagi-szerelo-1993-300x260.jpg 300w, https:\/\/staging.greenpowergarage.hu\/wp-content\/uploads\/2023\/05\/Blahunka-Laszlo-Autovillamossagi-szerelo-1993-1024x887.jpg 1024w, https:\/\/staging.greenpowergarage.hu\/wp-content\/uploads\/2023\/05\/Blahunka-Laszlo-Autovillamossagi-szerelo-1993-768x665.jpg 768w, https:\/\/staging.greenpowergarage.hu\/wp-content\/uploads\/2023\/05\/Blahunka-Laszlo-Autovillamossagi-szerelo-1993-1536x1331.jpg 1536w\" sizes=\"(max-width: 2048px) 100vw, 2048px\" \/><\/a>\n\t\t\t<\/div><\/figure><figure class='gallery-item'>\n\t\t\t<div class='gallery-icon landscape'>\n\t\t\t\t<a data-elementor-open-lightbox=\"yes\" data-elementor-lightbox-slideshow=\"411d957\" data-elementor-lightbox-title=\"Blahunka L\u00e1szl\u00f3 - 1993 G\u00e9pj\u00e1rm\u0171technikai szerel\u0151 - Aut\u00f3villamoss\u00e1gi szerel\u0151\" data-e-action-hash=\"#elementor-action%3Aaction%3Dlightbox%26settings%3DeyJpZCI6NTExLCJ1cmwiOiJodHRwczpcL1wvc3RhZ2luZy5ncmVlbnBvd2VyZ2FyYWdlLmh1XC93cC1jb250ZW50XC91cGxvYWRzXC8yMDIzXC8wNVwvQmxhaHVua2EtTGFzemxvLUd5YXJ0YXN0ZWNobm9sb2d1cy0xOTkxLmpwZyIsInNsaWRlc2hvdyI6IjQxMWQ5NTcifQ%3D%3D\" href='https:\/\/staging.greenpowergarage.hu\/wp-content\/uploads\/2023\/05\/Blahunka-Laszlo-Gyartastechnologus-1991.jpg'><img loading=\"lazy\" decoding=\"async\" width=\"2048\" height=\"1752\" src=\"https:\/\/staging.greenpowergarage.hu\/wp-content\/uploads\/2023\/05\/Blahunka-Laszlo-Gyartastechnologus-1991.jpg\" class=\"attachment-full size-full\" alt=\"\" srcset=\"https:\/\/staging.greenpowergarage.hu\/wp-content\/uploads\/2023\/05\/Blahunka-Laszlo-Gyartastechnologus-1991.jpg 2048w, https:\/\/staging.greenpowergarage.hu\/wp-content\/uploads\/2023\/05\/Blahunka-Laszlo-Gyartastechnologus-1991-300x257.jpg 300w, https:\/\/staging.greenpowergarage.hu\/wp-content\/uploads\/2023\/05\/Blahunka-Laszlo-Gyartastechnologus-1991-1024x876.jpg 1024w, https:\/\/staging.greenpowergarage.hu\/wp-content\/uploads\/2023\/05\/Blahunka-Laszlo-Gyartastechnologus-1991-768x657.jpg 768w, https:\/\/staging.greenpowergarage.hu\/wp-content\/uploads\/2023\/05\/Blahunka-Laszlo-Gyartastechnologus-1991-1536x1314.jpg 1536w\" sizes=\"(max-width: 2048px) 100vw, 2048px\" \/><\/a>\n\t\t\t<\/div><\/figure><figure class='gallery-item'>\n\t\t\t<div class='gallery-icon landscape'>\n\t\t\t\t<a data-elementor-open-lightbox=\"yes\" data-elementor-lightbox-slideshow=\"411d957\" data-elementor-lightbox-title=\"Palla K\u00e1lm\u00e1n - 2020 Alternat\u00edv g\u00e9pj\u00e1rm\u0171hajt\u00e1si technikus\" data-e-action-hash=\"#elementor-action%3Aaction%3Dlightbox%26settings%3DeyJpZCI6NTEwLCJ1cmwiOiJodHRwczpcL1wvc3RhZ2luZy5ncmVlbnBvd2VyZ2FyYWdlLmh1XC93cC1jb250ZW50XC91cGxvYWRzXC8yMDIzXC8wNVwvUGFsbGEtS2FsbWFuLUFsdGVybmF0aXYtZ2VwamFybXVoYWp0YXNpLXRlY2huaWt1cy0yMDIwXzIuanBnIiwic2xpZGVzaG93IjoiNDExZDk1NyJ9\" href='https:\/\/staging.greenpowergarage.hu\/wp-content\/uploads\/2023\/05\/Palla-Kalman-Alternativ-gepjarmuhajtasi-technikus-2020_2.jpg'><img loading=\"lazy\" decoding=\"async\" width=\"2048\" height=\"1489\" src=\"https:\/\/staging.greenpowergarage.hu\/wp-content\/uploads\/2023\/05\/Palla-Kalman-Alternativ-gepjarmuhajtasi-technikus-2020_2.jpg\" class=\"attachment-full size-full\" alt=\"\" srcset=\"https:\/\/staging.greenpowergarage.hu\/wp-content\/uploads\/2023\/05\/Palla-Kalman-Alternativ-gepjarmuhajtasi-technikus-2020_2.jpg 2048w, https:\/\/staging.greenpowergarage.hu\/wp-content\/uploads\/2023\/05\/Palla-Kalman-Alternativ-gepjarmuhajtasi-technikus-2020_2-300x218.jpg 300w, https:\/\/staging.greenpowergarage.hu\/wp-content\/uploads\/2023\/05\/Palla-Kalman-Alternativ-gepjarmuhajtasi-technikus-2020_2-1024x745.jpg 1024w, https:\/\/staging.greenpowergarage.hu\/wp-content\/uploads\/2023\/05\/Palla-Kalman-Alternativ-gepjarmuhajtasi-technikus-2020_2-768x558.jpg 768w, https:\/\/staging.greenpowergarage.hu\/wp-content\/uploads\/2023\/05\/Palla-Kalman-Alternativ-gepjarmuhajtasi-technikus-2020_2-1536x1117.jpg 1536w\" sizes=\"(max-width: 2048px) 100vw, 2048px\" \/><\/a>\n\t\t\t<\/div><\/figure><figure class='gallery-item'>\n\t\t\t<div class='gallery-icon landscape'>\n\t\t\t\t<a data-elementor-open-lightbox=\"yes\" data-elementor-lightbox-slideshow=\"411d957\" data-elementor-lightbox-title=\"Palla K\u00e1lm\u00e1n - 2016 Alternat\u00edv j\u00e1rm\u0171hajt\u00e1sok - Hibrid-j\u00e1rm\u0171technika\" data-e-action-hash=\"#elementor-action%3Aaction%3Dlightbox%26settings%3DeyJpZCI6NTA5LCJ1cmwiOiJodHRwczpcL1wvc3RhZ2luZy5ncmVlbnBvd2VyZ2FyYWdlLmh1XC93cC1jb250ZW50XC91cGxvYWRzXC8yMDIzXC8wNVwvUGFsbGEtS2FsbWFuLUFsdGVybmF0aXYtamFybXVoYWp0YXNvay0yMDE2XzIuanBnIiwic2xpZGVzaG93IjoiNDExZDk1NyJ9\" href='https:\/\/staging.greenpowergarage.hu\/wp-content\/uploads\/2023\/05\/Palla-Kalman-Alternativ-jarmuhajtasok-2016_2.jpg'><img loading=\"lazy\" decoding=\"async\" width=\"2048\" height=\"1436\" src=\"https:\/\/staging.greenpowergarage.hu\/wp-content\/uploads\/2023\/05\/Palla-Kalman-Alternativ-jarmuhajtasok-2016_2.jpg\" class=\"attachment-full size-full\" alt=\"\" srcset=\"https:\/\/staging.greenpowergarage.hu\/wp-content\/uploads\/2023\/05\/Palla-Kalman-Alternativ-jarmuhajtasok-2016_2.jpg 2048w, https:\/\/staging.greenpowergarage.hu\/wp-content\/uploads\/2023\/05\/Palla-Kalman-Alternativ-jarmuhajtasok-2016_2-300x210.jpg 300w, https:\/\/staging.greenpowergarage.hu\/wp-content\/uploads\/2023\/05\/Palla-Kalman-Alternativ-jarmuhajtasok-2016_2-1024x718.jpg 1024w, https:\/\/staging.greenpowergarage.hu\/wp-content\/uploads\/2023\/05\/Palla-Kalman-Alternativ-jarmuhajtasok-2016_2-768x539.jpg 768w, https:\/\/staging.greenpowergarage.hu\/wp-content\/uploads\/2023\/05\/Palla-Kalman-Alternativ-jarmuhajtasok-2016_2-1536x1077.jpg 1536w\" sizes=\"(max-width: 2048px) 100vw, 2048px\" \/><\/a>\n\t\t\t<\/div><\/figure><figure class='gallery-item'>\n\t\t\t<div class='gallery-icon portrait'>\n\t\t\t\t<a data-elementor-open-lightbox=\"yes\" data-elementor-lightbox-slideshow=\"411d957\" data-elementor-lightbox-title=\"Palla K\u00e1lm\u00e1n - 2022 Alternat\u00edv hajt\u00e1s\u00fa g\u00e9pj\u00e1rm\u0171vek fel\u00e9p\u00edt\u00e9se, m\u0171k\u00f6d\u00e9se, vizsg\u00e1lata \u00e9s jav\u00edt\u00e1sa szakmai tov\u00e1bbk\u00e9pz\u00e9s\" data-e-action-hash=\"#elementor-action%3Aaction%3Dlightbox%26settings%3DeyJpZCI6NTA4LCJ1cmwiOiJodHRwczpcL1wvc3RhZ2luZy5ncmVlbnBvd2VyZ2FyYWdlLmh1XC93cC1jb250ZW50XC91cGxvYWRzXC8yMDIzXC8wNVwvUGFsbGEtS2FsbWFuLUJLSUstMjAyMl8yLmpwZyIsInNsaWRlc2hvdyI6IjQxMWQ5NTcifQ%3D%3D\" href='https:\/\/staging.greenpowergarage.hu\/wp-content\/uploads\/2023\/05\/Palla-Kalman-BKIK-2022_2.jpg'><img loading=\"lazy\" decoding=\"async\" width=\"1444\" height=\"2048\" src=\"https:\/\/staging.greenpowergarage.hu\/wp-content\/uploads\/2023\/05\/Palla-Kalman-BKIK-2022_2.jpg\" class=\"attachment-full size-full\" alt=\"\" srcset=\"https:\/\/staging.greenpowergarage.hu\/wp-content\/uploads\/2023\/05\/Palla-Kalman-BKIK-2022_2.jpg 1444w, https:\/\/staging.greenpowergarage.hu\/wp-content\/uploads\/2023\/05\/Palla-Kalman-BKIK-2022_2-212x300.jpg 212w, https:\/\/staging.greenpowergarage.hu\/wp-content\/uploads\/2023\/05\/Palla-Kalman-BKIK-2022_2-722x1024.jpg 722w, https:\/\/staging.greenpowergarage.hu\/wp-content\/uploads\/2023\/05\/Palla-Kalman-BKIK-2022_2-768x1089.jpg 768w, https:\/\/staging.greenpowergarage.hu\/wp-content\/uploads\/2023\/05\/Palla-Kalman-BKIK-2022_2-1083x1536.jpg 1083w\" sizes=\"(max-width: 1444px) 100vw, 1444px\" \/><\/a>\n\t\t\t<\/div><\/figure><figure class='gallery-item'>\n\t\t\t<div class='gallery-icon portrait'>\n\t\t\t\t<a data-elementor-open-lightbox=\"yes\" data-elementor-lightbox-slideshow=\"411d957\" data-elementor-lightbox-title=\"Palla K\u00e1lm\u00e1n - 2020 Hibridj\u00e1rm\u0171-jav\u00edt\u00f3\" data-e-action-hash=\"#elementor-action%3Aaction%3Dlightbox%26settings%3DeyJpZCI6NTA3LCJ1cmwiOiJodHRwczpcL1wvc3RhZ2luZy5ncmVlbnBvd2VyZ2FyYWdlLmh1XC93cC1jb250ZW50XC91cGxvYWRzXC8yMDIzXC8wNVwvUGFsbGEtS2FsbWFuLUhpYnJpZGphcm11LWphdml0by0yMDIwXzIuanBnIiwic2xpZGVzaG93IjoiNDExZDk1NyJ9\" href='https:\/\/staging.greenpowergarage.hu\/wp-content\/uploads\/2023\/05\/Palla-Kalman-Hibridjarmu-javito-2020_2.jpg'><img loading=\"lazy\" decoding=\"async\" width=\"1465\" height=\"2042\" src=\"https:\/\/staging.greenpowergarage.hu\/wp-content\/uploads\/2023\/05\/Palla-Kalman-Hibridjarmu-javito-2020_2.jpg\" class=\"attachment-full size-full\" alt=\"\" srcset=\"https:\/\/staging.greenpowergarage.hu\/wp-content\/uploads\/2023\/05\/Palla-Kalman-Hibridjarmu-javito-2020_2.jpg 1465w, https:\/\/staging.greenpowergarage.hu\/wp-content\/uploads\/2023\/05\/Palla-Kalman-Hibridjarmu-javito-2020_2-215x300.jpg 215w, https:\/\/staging.greenpowergarage.hu\/wp-content\/uploads\/2023\/05\/Palla-Kalman-Hibridjarmu-javito-2020_2-735x1024.jpg 735w, https:\/\/staging.greenpowergarage.hu\/wp-content\/uploads\/2023\/05\/Palla-Kalman-Hibridjarmu-javito-2020_2-768x1070.jpg 768w, https:\/\/staging.greenpowergarage.hu\/wp-content\/uploads\/2023\/05\/Palla-Kalman-Hibridjarmu-javito-2020_2-1102x1536.jpg 1102w\" sizes=\"(max-width: 1465px) 100vw, 1465px\" \/><\/a>\n\t\t\t<\/div><\/figure>\n\t\t<\/div>\n\t\t<\/div>\n\t\t\t\t\t\t<\/div>\n\t\t\t\t<\/div>\n\t\t\t\t\t<\/div>\n\t\t\t\t<\/div>\n\t\t\t\t<\/div>\n\t\t","protected":false},"excerpt":{"rendered":"<p>A csapatunk Blahunka L\u00e1szl\u00f3 \u2013 Laci EV szakember, alternativhajt\u00e1s technikus Palla K\u00e1lm\u00e1n Aut\u00f3szerel\u0151 Mester, EV szakember Ipari tanul\u00f3k Folyamatosan k\u00e9pzezz\u00fck magunkat!<\/p>\n","protected":false},"author":6,"featured_media":0,"parent":0,"menu_order":0,"comment_status":"closed","ping_status":"closed","template":"","meta":{"site-sidebar-layout":"no-sidebar","site-content-layout":"","ast-site-content-layout":"full-width-container","site-content-style":"default","site-sidebar-style":"default","ast-global-header-display":"","ast-banner-title-visibility":"","ast-main-header-display":"","ast-hfb-above-header-display":"","ast-hfb-below-header-display":"","ast-hfb-mobile-header-display":"","site-post-title":"disabled","ast-breadcrumbs-content":"","ast-featured-img":"disabled","footer-sml-layout":"","theme-transparent-header-meta":"","adv-header-id-meta":"","stick-header-meta":"","header-above-stick-meta":"","header-main-stick-meta":"","header-below-stick-meta":"","astra-migrate-meta-layouts":"default","ast-page-background-enabled":"default","ast-page-background-meta":{"desktop":{"background-color":"var(--ast-global-color-5)","background-image":"","background-repeat":"repeat","background-position":"center center","background-size":"auto","background-attachment":"scroll","background-type":"","background-media":"","overlay-type":"","overlay-color":"","overlay-opacity":"","overlay-gradient":""},"tablet":{"background-color":"","background-image":"","background-repeat":"repeat","background-position":"center center","background-size":"auto","background-attachment":"scroll","background-type":"","background-media":"","overlay-type":"","overlay-color":"","overlay-opacity":"","overlay-gradient":""},"mobile":{"background-color":"","background-image":"","background-repeat":"repeat","background-position":"center center","background-size":"auto","background-attachment":"scroll","background-type":"","background-media":"","overlay-type":"","overlay-color":"","overlay-opacity":"","overlay-gradient":""}},"ast-content-background-meta":{"desktop":{"background-color":"var(--ast-global-color-4)","background-image":"","background-repeat":"repeat","background-position":"center center","background-size":"auto","background-attachment":"scroll","background-type":"","background-media":"","overlay-type":"","overlay-color":"","overlay-opacity":"","overlay-gradient":""},"tablet":{"background-color":"var(--ast-global-color-4)","background-image":"","background-repeat":"repeat","background-position":"center center","background-size":"auto","background-attachment":"scroll","background-type":"","background-media":"","overlay-type":"","overlay-color":"","overlay-opacity":"","overlay-gradient":""},"mobile":{"background-color":"var(--ast-global-color-4)","background-image":"","background-repeat":"repeat","background-position":"center center","background-size":"auto","background-attachment":"scroll","background-type":"","background-media":"","overlay-type":"","overlay-color":"","overlay-opacity":"","overlay-gradient":""}},"footnotes":""},"class_list":["post-1409","page","type-page","status-publish","hentry"],"_links":{"self":[{"href":"https:\/\/staging.greenpowergarage.hu\/index.php?rest_route=\/wp\/v2\/pages\/1409","targetHints":{"allow":["GET"]}}],"collection":[{"href":"https:\/\/staging.greenpowergarage.hu\/index.php?rest_route=\/wp\/v2\/pages"}],"about":[{"href":"https:\/\/staging.greenpowergarage.hu\/index.php?rest_route=\/wp\/v2\/types\/page"}],"author":[{"embeddable":true,"href":"https:\/\/staging.greenpowergarage.hu\/index.php?rest_route=\/wp\/v2\/users\/6"}],"replies":[{"embeddable":true,"href":"https:\/\/staging.greenpowergarage.hu\/index.php?rest_route=%2Fwp%2Fv2%2Fcomments&post=1409"}],"version-history":[{"count":10,"href":"https:\/\/staging.greenpowergarage.hu\/index.php?rest_route=\/wp\/v2\/pages\/1409\/revisions"}],"predecessor-version":[{"id":1555,"href":"https:\/\/staging.greenpowergarage.hu\/index.php?rest_route=\/wp\/v2\/pages\/1409\/revisions\/1555"}],"wp:attachment":[{"href":"https:\/\/staging.greenpowergarage.hu\/index.php?rest_route=%2Fwp%2Fv2%2Fmedia&parent=1409"}],"curies":[{"name":"wp","href":"https:\/\/api.w.org\/{rel}","templated":true}]}}